(9).
-27
Let y(i) = -i**3 - 195*i**2 - 15*i - 2924. Calculate y(-195).
1
Let f(i) = 9*i + 125. Determine f(-14).
-1
Let g(p) = 950*p + 25654. Determine g(-27).
4
Let k(v) = -v**3 + 34*v**2 + 494*v + 20. Determine k(-11).
31
Let s(t) = -t**2 - 202*t - 1823. Determine s(-10).
97
Let t(z) = -2*z + 44. What is t(-15)?
74
Let m(i) = -2*i**2 + 36*i - 137. Determine m(11).
17
Let z(n) = n**2 + 89*n + 1057. Calculate z(-55).
-813
Let q(w) = -12*w**2 + 393*w + 99. Determine q(33).
0
Let w(a) = 2*a**2 - 127*a - 14. Give w(0).
-14
Let s(h) = 3*h**2 + 13*h + 5. Determine s(-3).
-7
Let t(x) = x**2 - 639*x + 86828. Calculate t(196).
0
Let y(m) = -m**2 + 1396*m - 20723. Determine y(15).
-8
Let n(b) = -17*b**3 - 41*b**2 - 13*b - 13. What is n(-2)?
-15
Let s(l) = 7*l**2 + 171*l + 91. Calculate s(-24).
19
Let b(y) = y**3 - 59*y**2 + 773*y + 139. What is b(20)?
-1
Let k(r) = r**2 - 117*r - 685. Give k(-6).
53
Let x(h) = 2*h**3 + h**2 + 13*h + 8. What is x(-3)?
-76
Let d(h) = -17*h + 68. Give d(4).
0
Let r(v) = -4*v**2 + 144*v - 135. Calculate r(35).
5
Let g(n) = n**2 - 28*n + 219. What is g(10)?
39
Let f(i) = i**2 - 7*i - 25. Calculate f(-11).
173
Let l(p) = -p**3 - 20*p**2 + 4*p + 367. Give l(-19).
-70
Let q(w) = -w**2 - 89*w + 696. Give q(-96).
24
Let t(o) = o**3 - 8*o**2 - 77*o - 28. Calculate t(-5).
32
Let c(v) = -v**2 - 12*v + 1. Calculate c(-14).
-27
Let p(q) = q**2 - 6*q + 38. What is p(6)?
38
Let u(s) = s**2 + 36*s - 316. Give u(12).
260
Let d(k) = -2*k**3 + 46*k**2 - 14*k - 23. Give d(23).
-345
Let r(n) = 145*n**2 + 5*n - 6. Determine r(1).
144
Let s(y) = 23*y + 495. Calculate s(-20).
35
Let j(k) = -1870*k - 110349. Calculate j(-59).
-19
Let q(w) = -w**3 - 19*w**2 + 14*w - 54. Calculate q(-20).
66
Let d(j) = j**3 + j**2 + 4*j - 16. Determine d(0).
-16
Let r(t) = t**3 + 16*t**2 - 8*t - 33. Give r(-17).
-186
Let h(s) = -2*s**2 - 100*s + 110. Determine h(-51).
8
Let f(k) = -2*k**2 + 24*k - 81. Calculate f(11).
-59
Let u(f) = f**3 - 23*f**2 - 24*f + 1696. Calculate u(20).
16
Let a(p) = 1185*p - 10665. What is a(9)?
0
Let o(v) = -15*v**3 + 23*v**2 - 44*v - 2. Determine o(2).
-118
Let z(j) = -31*j**3 + 4*j**2 + j - 5. What is z(1)?
-31
Let f(x) = 35*x - 760. What is f(33)?
395
Let k(j) = -16*j - 235. Calculate k(-14).
-11
Let p(j) = 3*j**2 + 35*j - 98. Determine p(4).
90
Let g(i) = -264*i - 42. What is g(-2)?
486
Let z(r) = -r**3 + 2*r**2 - 6*r - 3. Determine z(3).
-30
Let t(n) = -n**3 + 11*n**2 - 18*n + 252. What is t(12)?
-108
Let s(p) = -p**3 + 201*p**2 - 11*p + 2210. Determine s(201).
-1
Let q(j) = j**3 + 165*j**2 + 679*j + 137. Give q(-4).
-3
Let g(y) = 204*y + 5702. Calculate g(-28).
-10
Let k(n) = 55*n**2 - 632*n + 288. Give k(11).
-9
Let a(z) = -z**2 - 13*z - 120. Determine a(-11).
-98
Let q(r) = -57*r + 504. Give q(6).
162
Let m(a) = -a**3 - 129*a**2 + 675*a + 676. Determine m(-134).
6
Let m(g) = g**2 + 24*g - 131. Give m(-24).
-131
Let q(r) = -r**3 - 2*r**2 + 3*r - 2. Give q(0).
-2
Let i(p) = 3*p - 248. What is i(6)?
-230
Let n(t) = 540*t**3 - 27*t**2 + 22*t + 3. What is n(1)?
538
Let m(s) = -23*s - 47. Determine m(6).
-185
Let y(t) = -17*t**2 + 19*t + 18. Give y(-1).
-18
Let c(i) = 2*i - 3. What is c(-48)?
-99
Let q(d) = -d**3 + 35*d**2 - 95*d - 42. Calculate q(32).
-10
Let o(x) = -2*x**2 - 4*x + 64. Determine o(-7).
-6
Let z(u) = -u**3 + 13*u**2 - 5*u + 110. Determine z(13).
45
Let q(f) = -54*f**2 + 599*f. Give q(11).
55
Let r(f) = -3*f**2 + 44*f - 146. Calculate r(10).
-6
Let w(h) = h**2 + 42*h + 90. Calculate w(-15).
-315
Let r(k) = 7*k**2 - 47*k + 243. Give r(6).
213
Let n(m) = m**2 + 178*m + 7350. Determine n(-113).
5
Let c(s) = 2*s**3 + 81*s**2 + 28*s + 2830. What is c(-41)?
1
Let g(h) = 8*h**2 + 84*h + 29. Give g(-10).
-11
Let c(p) = -p**3 + 18*p**2 - 3*p + 4. Determine c(18).
-50
Let d(t) = -t**2 - 29*t + 75. What is d(-31)?
13
Let y(s) = -21*s - 235. Give y(-14).
59
Let p(w) = 1270*w - 14073. Determine p(11).
-103
Let z(l) = -l**2 - 36*l - 158. Calculate z(-4).
-30
Let v(q) = -40*q - 79. What is v(-9)?
281
Let y(z) = -57*z**2 + 9*z - 10. Determine y(1).
-58
Let o(m) = -21*m**2 + 480*m + 84. What is o(23)?
15
Let z(i) = -613*i + 12883. Calculate z(21).
10
Let f(s) = s**3 + 141*s**2 - 435*s - 429. Calculate f(-144).
3
Let v(n) = n**3 - 54*n**2 + 114*n - 536. Give v(52).
-16
Let x(g) = g**3 + 130*g**2 - 270*g - 760. Calculate x(-132).
32
Let b(h) = -346*h + 1729. Calculate b(5).
-1
Let i(r) = -57*r - 508. What is i(-9)?
5
Let b(v) = 2*v**3 - 196*v**2 - 184*v - 1390. Give b(99).
-4
Let o(n) = -n**2 - 87*n - 165. Calculate o(-85).
5
Let k(y) = -6*y**2 - 51*y - 105. Calculate k(-4).
3
Let j(y) = 4*y**2 - 111*y + 740. What is j(11)?
3
Let b(a) = a**3 + 180*a**2 - 1263*a + 8609. What is b(-187)?
7
Let y(n) = -4*n**2 + 4*n + 1. Calculate y(-5).
-119
Let l(h) = -2*h**2 - 81*h + 578. Determine l(6).
20
Let h(g) = g**3 - 27*g**2 + 25*g + 7. Calculate h(26).
-19
Let y(l) = -l**3 - 5*l**2 + 63*l + 130. Calculate y(-10).
0
Let r(h) = 5*h**3 + 52*h**2 - 253*h + 5. Determine r(-14).
19
Let g(u) = -u**3 - 85*u**2 - 480*u - 2. Give g(-6).
34
Let l(d) = d**2 - 77*d - 589. Give l(-7).
-1
Let n(v) = 80*v + 1286. Give n(-10).
486
Let n(b) = -7*b**3 - 11*b**2 + 6*b - 3. What is n(-3)?
69
Let h(y) = 86*y + 37. Give h(-1).
-49
Let s(w) = w**3 - 74*w**2 + 95*w - 1599. What is s(73)?
7
Let x(o) = 3*o**2 - 22*o + 62. Calculate x(3).
23
Let z(n) = 8*n**2 - 10*n + 51. What is z(7)?
373
Let i(o) = -209*o + 402. What is i(2)?
-16
Let y(p) = p**2 - 83*p + 1026. Calculate y(14).
60
Let d(v) = v**3 + 15*v**2 - v - 12. Give d(-15).
3
Let m(k) = -27*k**2 + 1128*k - 1125. Determine m(1).
-24
Let d(u) = 149*u + 443. What is d(-3)?
-4
Let v(w) = -956*w - 4788. What is v(-5)?
-8
Let s(h) = -36*h + 178. Calculate s(8).
-110
Let o(m) = -78*m - 643. Calculate o(-7).
-97
Let s(g) = -2*g**3 - 134*g**2 + 132*g - 271. Determine s(-68).
1
Let j(k) = 47*k - 696. What is j(15)?
9
Let x(d) = -d**2 + 63*d - 382. Give x(56).
10
Let o(h) = 482*h - 3847. Determine o(8).
9
Let l(z) = -2*z**2 - 50*z + 1684. Determine l(-44).
12
Let v(b) = 2337*b + 11873. Give v(-5).
188
Let h(a) = -2*a**2 - 21*a + 604. Give h(-23).
29
Let h(c) = -38*c**3 - 15*c**2 + 29*c + 2. Give h(2).
-304
Let n(g) = -152*g + 109. What is n(1)?
-43
Let m(k) = k**3 - 104*k**2 + 1031*k - 63. Give m(11).
25
Let a(q) = -q**3 + 34*q**2 - 99*q + 2155. Determine a(33).
-23
Let l(g) = -g**3 - 12*g**2 - 11*g - 162. Give l(-12).
-30
Let l(j) = -764*j - 14538. What is l(-19)?
-22
Let w(i) = 14*i**3 - 85*i**2 - 11*i + 61. Calculate w(6).
-41
Let k(l) = -5*l**2 - 9*l - 13. What is k(-2)?
-15
Let n(s) = s**3 + 16*s**2 - 29*s + 121. Calculate n(-18).
-5
Let f(g) = g**2 - 12*g + 26. What is f(14)?
54
Let f(k) = 46*k - 177. Give f(4).
7
Let q(p) = 3*p**3 + 8*p**2 - 3*p - 19. Give q(-6).
-361
Let y(h) = -1948*h - 15534. Determine y(-8).
50
Let i(d) = -2*d**2 + 24*d + 113. Give i(17).
-57
Let m(v) = v**3 - 53*v**2 + 318*v + 153. What is m(46)?
-31
Let n(o) = 2*o**2 + 44*o + 116. Calculate n(-19).
2
Let q(c) = -c**2 + 31*c + 55. Give q(33).
-11
Let q(s) = 19*s + 137. Determine q(-5).
42
Let h(i) = i**3 + 77*i**2 - 868*i - 15. Determine h(10).
5
Let c(k) = -2*k**3 + 50*k**2 + 110*k - 60. Calculate c(27).
-6
Let v(r) = 34*r + 95. Calculate v(-3).
-7
Let v(x) = -x**3 + 3*x**2 + 43*x + 5. Give v(7).
110
Let a(x) = x**2 - 25*x - 57. What is a(18)?
-183
Let a(g) = 2*g**2 + 191*g + 462. Determine a(-93).
-3
Let w(q) = q**3 - 38*q**2 + 35*q + 197. Give w(37).
123
Let l(k) = k**3 - 12*k**2 - 6193*k - 1013. Calculate l(85).
7
Let n(j) = j**3 + 4*j**2 - 26*j - 133. What is n(-4)?
-29
Let n(b) = 208*b - 1246. Give n(6).
2
Let h(m) = -m**3 + 46*m**2 + m - 40. Give h(46).
6
Let d(u) = 806*u - 3986. Determine d(5).
44
Let k(g) = -g**3 - 24*g**2 + 639*g + 12. Give k(16).
-4
Let n(t) = t**2 + 412*t + 832. Determine n(-2).
12
Let k(x) = -39*x - 86. Give k(5).
-281
Let t(b) = -b**3 - 40*b**2 - 10*b + 137. Determine t(-40).
537
Let u(p) = 8*p**3 - 9*p**2 + p - 6. Calculate u(2).
24
Let n(v) = -v**2 - 104*v - 10. What is n(0)?
-10
Let g(m) = -m**2 + 290*m - 3335. Calculate g(12).
1
Let p(t) = -176*t - 702. Calculate p(-4).
2
Let q(k) = -197*k + 1580. What is q(8)?
4
Let f(z) = 50*z + 272. Give f(4).
472
Let b(k) = k**3 + 77*k**2 + 175*k + 1892. Determine b(-75).
1